8 + 8569. What is the hundreds digit of y?
9
Let h = -81 + 85. Suppose 3*o + 180 = u + o, 4*o = h*u - 700. What is the tens digit of u?
7
Suppose 0 = a, -5*k = -4*k - a + 9. Let y(j) = j**3 + 12*j**2 - 6*j + 31. What is the tens digit of y(k)?
2
Let y = -614 - -618. Suppose -2*s - y*o + 1826 = 0, 1740 = 4*s + 4*o - 1916. What is the hundreds digit of s?
9
What is the ten thousands digit of (-117)/(-156)*(-116)/3*-1718?
4
Let k = -152 - -160. What is the tens digit of 720 + k/(-6) + (-160)/60?
1
Suppose -r + 33473 = -68*d + 69*d, 5*d = -r + 33453. What is the tens digit of r?
7
Let x be 1173*2 - (-1 + 2). Suppose -22*c = -27*c + x. Suppose 3*v = 5*s - 468, -4*v = -5*s - 0*v + c. What is the tens digit of s?
9
Suppose -41740 = -5*s - 5*i, -20*i = -3*s - 21*i + 25056. What is the thousands digit of s?
8
What is the thousands digit of (-15)/((-120)/136) - -54841?
4
Let z(t) = -3*t**2 + 3*t + 580. Let r(v) = v**3 + 5*v**2 + 4*v - 6. Let m be r(-3). What is the hundreds digit of z(m)?
5
Let o(p) = -p**3 + p**2 + p. Let q be o(-2). Suppose -q*k = 6*k + 16. What is the hundreds digit of 172 + (-12)/2 - (k + 5)?
1
Suppose -5880 = -9*k + 2*k. Let t = 167 + k. What is the units digit of t?
7
Suppose 1404 = -4*h - 644. What is the tens digit of (-5)/(4/h*4)?
6
Let m(l) = 3*l + 4 - 9*l - l - 14 + l**2. Let y be m(9). Let j(a) = -a**2 + 25*a. What is the hundreds digit of j(y)?
1
Let y(v) = -10225*v**3 + 6*v**2 + 5*v + 2. What is the ten thousands digit of y(-1)?
1
Let q(w) = -w**3 + 2*w - 4. Let f be q(0). Let s be -22*(-2)/f*5. Let p = s + 82. What is the tens digit of p?
2
What is the units digit of -1 - -14750 - (81 + -71)?
9
Suppose 10*g + 23 = -17. What is the units digit of (15799/(-74))/(2/g)?
7
Let q(a) = -536*a + 377. What is the tens digit of q(-4)?
2
Suppose 4*f - 542 = 1834. Let t = 350 + f. What is the tens digit of t?
4
Suppose 0 = -45*b + 16*b - 23722. Let x = b - -1552. What is the units digit of x?
4
Let c(d) = d**2 + 4*d + 1. Let o be c(6). Let m = -58 + o. Suppose m*v - 142 = 32. What is the units digit of v?
8
What is the tens digit of ((-1)/(-1))/(46/220846)?
0
Let j = 63 + -58. What is the hundreds digit of 7/14*j*516?
2
Suppose 93*d = 63*d + 934980. What is the hundreds digit of d?
1
Let i(w) = 4*w**2 - 12*w + 11. Suppose 5*n - 5*j - 11 - 4 = 0, 3*n - 17 = -j. Let y be i(n). Suppose y + 19 = 2*p. What is the units digit of p?
5
Let i(d) = 20*d**2 - 2. Let f be i(-2). Suppose -108 = -2*m + 4*s, s = -9*m - 65 + 532. Let l = f + m. What is the hundreds digit of l?
1
Let r = -7736 + 17831. What is the tens digit of r?
9
Let k be 0*((-10)/(-15))/(24/9). Suppose 6*h + 2*h - 32 = k. Suppose 3*s = 3*b - 783, -4*s + 5*s - 1049 = -h*b. What is the tens digit of b?
6
Let j = 398 - 402. What is the units digit of (29 + -387)/(j/10)?
5
Let t = -14 - -11. Let j(d) = -3*d + 14 - 5*d - 10*d + 2*d. What is the units digit of j(t)?
2
Let q = 45 + -43. Suppose -q*w = 3*w. Suppose -5*d + 671 = -2*a, 3*a - 390 = -3*d - w*a. What is the tens digit of d?
3
Suppose -16 - 15 = -2*k - 3*g, 0 = 3*k + 2*g - 44. Suppose k*q - 5*q = -45. Let i = 41 - q. What is the tens digit of i?
4
Suppose -776822 = -63*v + 288886. What is the thousands digit of v?
6
Suppose -3*y = s - 4123, 0 = 4*s - 0*y - 5*y - 16526. What is the hundreds digit of s?
1
Let u(q) be the second derivative of -q**4/12 - 10*q**3/3 - 2*q**2 + 15*q. Suppose 4*f + 55 = -b, 34 - 87 = 4*f + 3*b. What is the units digit of u(f)?
0
Suppose -16388 = -3*u - d, 8*d + 1874 = -3*u + 18297. What is the units digit of u?
1
Let l(p) = -1883*p + 4152. What is the units digit of l(-12)?
8
Suppose 10 = 4*n - 4*z - 6, 3*z = 3. Suppose n*o - 2432 = 2498. What is the tens digit of o?
8
Let i be ((-2)/3)/(5/(-30)). Suppose 6*o - 5*o = -i*x + 472, 472 = o - 4*x. What is the units digit of o?
2
Let w = -144 - -335. Let p = w - 145. What is the tens digit of p?
4
Let r(k) = k**3 - 11*k**2 + 8*k - 16. Let y be r(10). Let d be 6/5*(-120)/y. What is the tens digit of (0 - -207) + 1/((-2)/d)?
0
Let y = 6247 + -1889. What is the tens digit of y?
5
Suppose -88*h + 1150 = -98*h. Let v = h + 130. What is the tens digit of v?
1
Let o be (-3 - (-4 + -27295)) + -1 + -5. What is the hundreds digit of (-2)/16 - o/(-80)?
3
Suppose -468 = 12*o + o. Let d be 129/o*-3*4. Let v = 158 - d. What is the units digit of v?
5
Let g = -46642 - -67824. What is the thousands digit of g?
1
Suppose 2*o = -2*j + 48538 + 37616, 3*j - 3*o = 129279. What is the ten thousands digit of j?
4
Suppose u - 5*x = 6*u - 1600, -325 = -u - 2*x. Suppose -y = i - u, i + 931 = 4*i - 4*y. What is the tens digit of i?
1
Let k be 48/56*(1778 - 0). Suppose -5*j - 7*s + 12*s = -1895, -2*s = -4*j + k. What is the units digit of j?
3
Suppose -4*a = d + 3394, -29*d = 5*a - 24*d + 4235. What is the hundreds digit of a/(-2)*(-50)/(-75)?
2
Let f be 75/20*8/3. Suppose -37 = -4*m + 5*x, 5*x = -35 + f. Suppose -3*o - 54 = -m*n, -20 = 5*o - 0. What is the units digit of n?
4
Let l be 0 - (1 - 2/2)*(-1 + 0). Let c(f) = -3*f + 85. Let p(q) = -4*q + 85. Let x(s) = -2*c(s) + 3*p(s). What is the units digit of x(l)?
5
Let l(c) = 6*c**2 + 411*c - 57. What is the thousands digit of l(34)?
0
What is the units digit of 1519200/528 - 15/55?
7
Let d = 45 - 38. Suppose d*x + 0*x = 0. What is the tens digit of (x - (-370)/15)/((-1)/(-3))?
7
Let v be -55 - -61 - 1/((-1)/4). Let d(f) be the third derivative of -f**6/120 + 11*f**5/60 - 7*f**4/24 + 8*f**3/3 + f**2. What is the units digit of d(v)?
6
Let v be (45/(-10))/(2/8). What is the hundreds digit of (-6)/v*-5 + 5080/6?
8
What is the hundreds digit of 0 + 6 - (-12 + -1307 + 7)?
3
Let w(v) = -22*v - 72. Let u be w(-5). Suppose -u*c + 4498 = -12*c. What is the units digit of c?
3
Suppose 1 = -t - 0*t. Let n be (-9)/54 - (-4 - 22/(-12)). What is the tens digit of (n*-14 - t)/((-27)/18)?
1
Let y(t) = -t - 5. Let h be y(-5). Suppose 2*p + 5*q + h*q = 462, -3*p + 698 = 5*q. Suppose -226 = -2*b + p. What is the hundreds digit of b?
2
Let o = 801 + -187. Suppose 2*n - o - 206 = -3*y, 0 = -4*n + y + 1654. What is the hundreds digit of n?
4
Let d be 3*(-1)/12 - (-20)/16. What is the hundreds digit of (d/(-3))/((-1280)/(-1284) + -1)?
1
Suppose -i + p = -8981, 4*p = -i + 9922 - 946. Suppose 13*x - i = -7*x. What is the hundreds digit of x?
4
Suppose -r + 12*r = 219065. What is the thousands digit of r?
9
Let o(m) = 1813*m + 754. What is the hundreds digit of o(18)?
3
What is the tens digit of 2090*444/(-8)*(170/15)/(-17)?
3
Suppose -5*h + 77 = 2*h. Let v(k) = k**3 - 7*k**2 - 12*k + 13. What is the hundreds digit of v(h)?
3
Let x(c) = 2*c**2 + 23*c + 48. Let j be x(-7). Let z(u) = 6*u**2 + 21*u - 1. What is the hundreds digit of z(j)?
0
Let z = -61 + 63. Suppose -z*r - 3 = -13. Suppose 7*a = r*a + 226. What is the tens digit of a?
1
Let k(n) = -n**2 - 7*n + 15. Let q be k(-8). Suppose v + 25 = 187. Suppose -v = -q*a - 15. What is the tens digit of a?
2
Let o = -2328 + 3496. Suppose -6*s - o = -4468. What is the tens digit of s?
5
Let n(f) = f**3 - 8*f**2 + 17*f. Let z be n(5). What is the tens digit of (-3318)/(-9)*(z + -7)?
0
Let z(y) = 26*y + 19. Let x(r) = -14*r - 11. Let p(b) = -5*x(b) - 3*z(b). Let o(d) = d**2 + 6*d - 6. Let l be o(-6). What is the units digit of p(l)?
6
Suppose -2*i + 12 = 4*s, -8*i = -12*i + 4*s - 24. What is the hundreds digit of -6 + 1 - i - -203?
2
Let b be (-16)/(-12)*30/4. Suppose -9*i + b - 73 = 0. Let r(v) = -29*v - 4. What is the tens digit of r(i)?
9
Suppose -107955 = -1500*v + 1485*v. What is the hundreds digit of v?
1
Let k = -120 - -123. Suppose 5*t - 5*n - 715 = 1140, -1097 = -k*t - 5*n. What is the tens digit of t?
6
Let k = 53 + -49. Suppose -k*u = -227 + 7. Suppose -2*h + h + u = -c, -3*c = 15. What is the tens digit of h?
5
Let u be 1*1615 + -6 + 11. Let r = -801 + u. What is the units digit of r?
9
Let z(f) = 199*f**2 + 4*f + 2. Let h(d) = 198*d**2 + 5*d + 2. Let x(b) = -6*h(b) + 7*z(b). What is the units digit of x(1)?
5
Let p(z) = -57*z - 29. Let l be p(-4). Let r = -79 + l. Let c = 226 - r. What is the hundreds digit of c?
1
Let s be 25/9 - (-4)/18. Suppose 3*x - 5*x + s*g + 184 = 0, 184 = 2*x - 4*g. Suppose 2*f + 2*f - x = 4*d, -3*d = 4*f - 106. What is the units digit of f?
5
Suppose 0 = -p + 2*i + i - 9,